{"id":2,"date":"2022-03-17T17:57:17","date_gmt":"2022-03-17T17:57:17","guid":{"rendered":"https:\/\/www.xn--hgsbyhstsportklubb-qtb86a.online\/?page_id=2"},"modified":"2026-01-22T11:35:04","modified_gmt":"2026-01-22T09:35:04","slug":"sample-page","status":"publish","type":"page","link":"https:\/\/www.xn--hgsbyhstsportklubb-qtb86a.online\/?page_id=2","title":{"rendered":"Tr\u00e4ning"},"content":{"rendered":"\n<p>Vi anordnar tr\u00e4ningar efter intresse och tar g\u00e4rna emot era f\u00f6rslag p\u00e5 tr\u00e4nare. <\/p>\n\n\n\n<p><\/p>\n\n\n\n<p>Just nu har vi f\u00f6rm\u00e5nen att ha dessa kontinuerligt p\u00e5 anl\u00e4ggningen:<\/p>\n\n\n\n<p><strong>Dressyrtr\u00e4ning f\u00f6r Jenny Kjellgren<\/strong><\/p>\n\n\n\n<p>Under VT 2026 h\u00e5lls tr\u00e4ningarna s\u00f6ndagar j\u00e4mna veckor.<\/p>\n\n\n\n<p>Kontakta Ida M\u00f6rstam f\u00f6r mer information,  0702-126206<\/p>\n\n\n\n<p><\/p>\n\n\n\n<hr class=\"wp-block-separator has-text-color has-cyan-bluish-gray-color has-css-opacity has-cyan-bluish-gray-background-color has-background is-style-wide\"\/>\n\n\n<div class=\"wp-block-image\">\n<figure class=\"alignright size-full is-resized\"><img loading=\"lazy\" decoding=\"async\" width=\"561\" height=\"495\" src=\"https:\/\/www.xn--hgsbyhstsportklubb-qtb86a.online\/wp-content\/uploads\/2022\/04\/Annelie.jpeg\" alt=\"\" class=\"wp-image-146\" style=\"width:150px;height:132px\" srcset=\"https:\/\/www.xn--hgsbyhstsportklubb-qtb86a.online\/wp-content\/uploads\/2022\/04\/Annelie.jpeg 561w, https:\/\/www.xn--hgsbyhstsportklubb-qtb86a.online\/wp-content\/uploads\/2022\/04\/Annelie-300x265.jpeg 300w, https:\/\/www.xn--hgsbyhstsportklubb-qtb86a.online\/wp-content\/uploads\/2022\/04\/Annelie-131x116.jpeg 131w\" sizes=\"auto, (max-width: 561px) 100vw, 561px\" \/><\/figure>\n<\/div>\n\n\n<p><strong>Hopp\/Dressyrtr\u00e4ning f\u00f6r Annelie Fermskog<\/strong><\/p>\n\n\n\n<p>Vi erbjuder tr\u00e4ning \u00e4ven f\u00f6r Annelie, som \u00e4r m\u00e5ngsidig och kan erbjuda tr\u00e4ning f\u00f6r b\u00e5de de som \u00e4r nya i sadeln och de mer erfarna. Annelie jobbar som ridl\u00e4rare p\u00e5 Lenhovda H\u00e4stsportklubb och \u00e4r sj\u00e4lv aktiv ryttare. Hon t\u00e4vlar b\u00e5de dressyr, f\u00e4ltt\u00e4vlan och hoppning p\u00e5 MSV niv\u00e5.<\/p>\n\n\n\n<p>F\u00f6r mer info eller anm\u00e4lan, kontakta Ida M\u00f6rstam p\u00e5 070-2126206<\/p>\n\n\n\n<p><\/p>\n\n\n\n<p><\/p>\n\n\n\n<hr class=\"wp-block-separator has-text-color has-cyan-bluish-gray-color has-css-opacity has-cyan-bluish-gray-background-color has-background is-style-wide\"\/>\n\n\n\n<p><\/p>\n\n\n\n<p><\/p>\n\n\n\n<hr class=\"wp-block-separator has-text-color has-cyan-bluish-gray-color has-css-opacity has-cyan-bluish-gray-background-color has-background is-style-wide\"\/>\n\n\n\n<p><\/p>\n","protected":false},"excerpt":{"rendered":"<p>Vi anordnar tr\u00e4ningar efter intresse och tar g\u00e4rna emot era f\u00f6rslag p\u00e5 tr\u00e4nare. Just nu har vi f\u00f6rm\u00e5nen att ha &hellip; <a href=\"https:\/\/www.xn--hgsbyhstsportklubb-qtb86a.online\/?page_id=2\" class=\"more-link\">Forts\u00e4tt l\u00e4sa <span class=\"screen-reader-text\">Tr\u00e4ning<\/span><\/a><\/p>\n","protected":false},"author":1,"featured_media":0,"parent":0,"menu_order":0,"comment_status":"closed","ping_status":"open","template":"","meta":{"footnotes":""},"class_list":["post-2","page","type-page","status-publish","hentry"],"_links":{"self":[{"href":"https:\/\/www.xn--hgsbyhstsportklubb-qtb86a.online\/index.php?rest_route=\/wp\/v2\/pages\/2","targetHints":{"allow":["GET"]}}],"collection":[{"href":"https:\/\/www.xn--hgsbyhstsportklubb-qtb86a.online\/index.php?rest_route=\/wp\/v2\/pages"}],"about":[{"href":"https:\/\/www.xn--hgsbyhstsportklubb-qtb86a.online\/index.php?rest_route=\/wp\/v2\/types\/page"}],"author":[{"embeddable":true,"href":"https:\/\/www.xn--hgsbyhstsportklubb-qtb86a.online\/index.php?rest_route=\/wp\/v2\/users\/1"}],"replies":[{"embeddable":true,"href":"https:\/\/www.xn--hgsbyhstsportklubb-qtb86a.online\/index.php?rest_route=%2Fwp%2Fv2%2Fcomments&post=2"}],"version-history":[{"count":10,"href":"https:\/\/www.xn--hgsbyhstsportklubb-qtb86a.online\/index.php?rest_route=\/wp\/v2\/pages\/2\/revisions"}],"predecessor-version":[{"id":438,"href":"https:\/\/www.xn--hgsbyhstsportklubb-qtb86a.online\/index.php?rest_route=\/wp\/v2\/pages\/2\/revisions\/438"}],"wp:attachment":[{"href":"https:\/\/www.xn--hgsbyhstsportklubb-qtb86a.online\/index.php?rest_route=%2Fwp%2Fv2%2Fmedia&parent=2"}],"curies":[{"name":"wp","href":"https:\/\/api.w.org\/{rel}","templated":true}]}}